= 84 - 38. Suppose z + 3*z - p = 5*w, 0 = -4*z - w + 34. Suppose -z = -3*l + 3*y, y - 5*y - 9 = -3*l. What is the units digit of l?
3
Suppose 0 = 5*n + 4*u + 23, 3 = -5*n + 2*n + 3*u. What is the units digit of (-2)/((n/5)/3)?
0
Let h = 14 - 4. Let i = h + -5. Suppose g + i*u + 18 = 5*g, 2*g - 18 = -2*u. What is the units digit of g?
7
What is the units digit of (-596)/(-5) - (-10)/(-50)?
9
Suppose 0 = -4*c + 3*s + 85, -5*c - 2*s - 2*s + 145 = 0. Suppose -c = -8*a + 3*a. What is the units digit of a?
5
Let w(q) = -3*q**3 - 11*q**2 - 18*q - 4. Let y(m) = -m**3 - 4*m**2 - 6*m - 1. Let a(g) = -2*w(g) + 7*y(g). Let s = 6 + -11. What is the units digit of a(s)?
6
Let m(x) = 79*x**3 - x**2 + 1. What is the tens digit of m(1)?
7
Let i(n) = 3*n - 9. Let y(g) = -5*g + 17. Let h(r) = -7*i(r) - 4*y(r). Let f be h(-3). What is the units digit of 4/f + 20 - 3?
5
Let a = 74 + -7. What is the tens digit of a?
6
Suppose -2*n = -7*n. Suppose n = -2*z + 4 - 8. What is the tens digit of 44/z*1/(-2)?
1
Suppose s + 198 = 4*s. Let d = s + -32. Let q = d + -24. What is the tens digit of q?
1
What is the tens digit of (23/46)/(1/72)?
3
Let d be (-12)/9*(2 - 5). Let z be ((-16)/6)/(d/(-18)). Suppose p = 4*p - z. What is the units digit of p?
4
Suppose -4*i + i = 0. Suppose 4*q - q - 9 = i. Suppose -v + 10 = q. What is the units digit of v?
7
What is the units digit of 2132/13 - (0 - 0)?
4
Let c = -9 + 25. What is the tens digit of c?
1
What is the units digit of 30*(-2 - (-1 + -2))?
0
Let l(h) be the third derivative of 0*h**3 - 2*h**2 - 1/60*h**5 - 1/20*h**6 + 0*h - 1/24*h**4 + 0. What is the units digit of l(-1)?
6
Suppose 422 = -5*b + n + 3*n, 0 = -4*n + 12. Let h = -56 - b. What is the units digit of h?
6
Let c = -54 - -84. What is the tens digit of c?
3
Suppose -4*c - z + 746 = 260, -3*z = -c + 128. What is the hundreds digit of c?
1
Let a(s) = -s**3 + 1 + 0*s**2 - s - s + 4*s**2 - 2. Let o be a(3). Let m = o + 0. What is the units digit of m?
2
Let r be (-31)/(-7) - (-3)/(-7). Suppose x + 5*u = 41, -8*x - r*u + 100 = -4*x. What is the units digit of x?
1
Let c = 2 - -1. Suppose 0*x = -5*x + 4*f + 8, f + 2 = -c*x. What is the units digit of (-1)/2*-10 - x?
5
Let i = 6 + -4. Suppose i*c - 3*c = -10. What is the units digit of c?
0
Suppose -77 = 5*b - 3*l - 505, 4*b - l = 348. What is the units digit of b?
8
What is the units digit of ((-9)/18)/((-1)/74)?
7
Suppose -5 = -5*i + 5. Let n(d) = i + 4*d**2 - 2 - 6 - d**3 + 2*d. What is the units digit of n(4)?
2
Suppose 0 = 14*v - 16*v + 194. What is the tens digit of v?
9
Let v(m) = m**3 + 17*m**2 - 7*m + 7. What is the units digit of v(-17)?
6
Suppose 0 = 6*o - 0*o - 174. What is the tens digit of o?
2
Let h = 30 - 24. Let j be (-36)/(-8)*(-56)/(-6). What is the tens digit of j*(-2 + 14/h)?
1
Let p(j) = 38*j - 2. What is the units digit of p(1)?
6
Let z = 42 - 30. What is the units digit of z?
2
Suppose 0 = 3*z - n + 9, -3*z - 12 = z - 5*n. Let h(f) = -3 + f**2 - f**3 - 1 - 2*f**2. What is the units digit of h(z)?
4
Suppose 0 = -2*z - 11 + 53. What is the units digit of z?
1
Suppose 0 = -6*x + 4*x - 4. What is the units digit of (2 - 0)/x*-1?
1
Let d(h) = h**2 + 6*h + 6. Let i be d(-4). Let f be 0*(2 + -4)/i. Suppose s + s - 2 = f. What is the units digit of s?
1
What is the units digit of (-3 - -18)/((-2)/(-10))?
5
Suppose 4*a + 25 = -5*m, 2*a + 32 - 7 = -5*m. Suppose 5*n - t - 6 = 0, a*n = 5*n + t - 14. What is the units digit of (2 + -2)/n - -4?
4
Let t(h) = -h**2 - 9*h + 22. What is the units digit of t(-9)?
2
Let n = -1 + 4. Let x = n + -8. What is the units digit of ((-6)/x)/((-2)/(-10))?
6
Let k be -5*(3 - 3 - 1). Let n(h) = h**2 - 6. What is the tens digit of n(k)?
1
Suppose v + 4 = 20. Let m = 6 - 3. Suppose f + v = m*f. What is the units digit of f?
8
Suppose -2*w - 3*w + 50 = 0. What is the tens digit of w?
1
What is the units digit of (264/(-14))/((2/(-21))/1)?
8
What is the units digit of 5 + (-2 - (-3)/1)?
6
What is the units digit of ((-36)/21)/(-2 - 472/(-238))?
2
Suppose -k + 121 = 3*a, 3*k = a - 8 - 49. What is the tens digit of a?
4
Suppose 10*z = 14*z - 120. What is the units digit of z?
0
Let b be (-1)/(48/(-15) - -3). What is the units digit of (-9)/b*10/(-2)?
9
Let z = 9 + 5. What is the units digit of z?
4
Let p be 15/12 - (-1)/(-4). Suppose -m = -8 - p. What is the units digit of m?
9
Suppose -5*g = -0*g + 15. Let i = -1 - g. Let c = 3 - i. What is the units digit of c?
1
Let f be (3/4)/(3/24). Let g be ((-2)/4)/((-1)/f). Suppose 5*p - 2*j - 33 = -7, g*j = 3*p - 21. What is the units digit of p?
4
Let t = -56 - -158. What is the tens digit of t?
0
Let h(j) = 8*j - 35. What is the units digit of h(6)?
3
Suppose 4*y - 10 = -y. Suppose -y*z = 3*z. Suppose z = o - 3*o + 10. What is the units digit of o?
5
Let j(h) = -h**3 + 6*h**2 - 2*h - 7. Let v = 9 + -4. Let b be j(v). Let c = 15 - b. What is the units digit of c?
7
Let v(t) = -t + 1. Let x be v(1). Suppose b = -x*b + 12. What is the tens digit of b?
1
Suppose 5 - 4 = -z. Let h = z + 2. What is the units digit of 3/(h + (-3)/4)?
2
Let t be (6/(-3) - -1) + 20. Let m = 1 + t. Let y = m - 14. What is the units digit of y?
6
Let j(s) = s**3 + 8*s**2 - 8*s - 10. What is the units digit of j(-4)?
6
Suppose -4*h = -0*p - p + 6, 4*h = -2*p. Let t(o) = o**2 - o. What is the units digit of t(p)?
2
Suppose -36 = -2*r + 16. What is the units digit of r?
6
Suppose 0 = 2*i - i - 5, 3*i + 397 = 4*a. What is the units digit of a?
3
Let o be 2 + 6*(-3)/(-2). Let a = 15 - o. What is the units digit of a?
4
Let n(q) be the second derivative of -q**4/4 - 2*q. Let y be n(-1). Let c(g) = -g**2 - 5*g - 2. What is the units digit of c(y)?
4
What is the tens digit of 133*(-5)/((-25)/5)?
3
What is the tens digit of (-4)/16 - (-291)/12?
2
Suppose 3*f - 2*f - 50 = 0. What is the units digit of f?
0
Suppose 9 = 3*j + y, 3*y = 7*y + 12. Suppose -6 = 2*t + j. Let k = t - -11. What is the units digit of k?
6
Let b be (-7)/(-2) + (-6)/(-4). Suppose 2*n = 2*i - 58, 0 = -5*i + i + n + 104. Suppose -b*y = -i + 5. What is the units digit of y?
4
Let g = -9 + 15. Let d(c) = -5*c + 8. Let q be d(g). Let u = -15 - q. What is the units digit of u?
7
Suppose -3*a + n + 59 = 0, -2*n - 13 + 39 = 2*a. Let l = -12 + a. What is the units digit of l?
6
Suppose -6*j + 74 = -52. What is the tens digit of j?
2
Let r(a) = a**2 - 2*a + 18. Let f(h) = h - 3. Let g be f(3). What is the units digit of r(g)?
8
Suppose -5*q = -y + 9, -3*y - 3*q - 2*q = -7. Suppose -2*k + 10 = -y. What is the units digit of k?
7
Suppose 0 = z - 0*z - 37. Suppose 0 = -5*h - 172 + z. Let k = -19 - h. What is the units digit of k?
8
Let v(x) = -x**3 - 7*x**2 - 6*x + 5. Let n be v(-6). Suppose -55 = -3*w + n*m, 3*m = -4*w - w + 103. What is the units digit of w?
0
Let y be 3/(1 + 2)*127. Let q = -82 + y. What is the units digit of q?
5
Let t(y) = y**2 + 5*y + 4. Let r be t(-5). Let l be 2/(-2) - 4/(-2). Let n = r + l. What is the units digit of n?
5
Let d(b) = 9*b + 2. What is the units digit of d(10)?
2
Let y(v) = -v**3 - 6*v**2 - 3*v + 6. Suppose 4 = -2*k, -5*k - 30 = 4*f - 0*f. Let c be y(f). Let i(r) = -r**3 - 4*r**2 - r - 1. What is the units digit of i(c)?
3
Suppose 0*p = 3*p - 237. What is the tens digit of p?
7
Suppose -1 = i + 2. Let v be (4/(-3))/(1/i). What is the units digit of 4 - -4*(-2)/v?
2
Suppose 6*y - 15 = 3*y. Suppose -3*k = -3*b + k + 1, 0 = 2*b + 3*k - 29. Suppose -4*u = -y*u + b. What is the units digit of u?
7
Suppose 0*g = -2*g + 3*h + 54, 0 = 3*h. What is the units digit of g?
7
Suppose 5*g = -2*b - 2, 6*b + 2*g - 16 = b. Suppose 4*i - 52 = b*k, -i - k + 11 = -0*k. What is the units digit of i?
2
Let u(v) = v**3 - v**2 - 5*v + 2. What is the units digit of u(4)?
0
Let c = -180 - -303. What is the tens digit of c?
2
Let s = 113 - 72. What is the units digit of s?
1
Let d = -16 + 89. What is the units digit of d?
3
Let x = -7 - -2. Let u(o) = 2*o + 13. Let m(d) = -d - 7. Let t(w) = -5*m(w) - 2*u(w). What is the units digit of t(x)?
4
Let b be (4/(-2) - -5) + 1. Let i = 2 + b. What is the units digit of i?
6
Let d(c) = c**2 - 18*c + 11. Let k be d(17). What is the units digit of k*(-16 - -4)/3?
4
Let n = 9 + 2. What is the tens digit of n?
1
Suppose 3*k - 4*h = 97, -h = 4*k + 28 - 151. What is t